). Let n = 75 + x. What are the prime factors of n?
41
Let i(p) = p**3 - 13*p**2 + 2. Let d be (82/(-3))/(-2) + (-16)/24. What are the prime factors of i(d)?
2
Let q = 10814 + -6009. List the prime factors of q.
5, 31
Let w(x) = x**2 - 6*x - 14. Let n be w(7). Let k = n - -13. Suppose 0 = 5*b - k - 44. List the prime factors of b.
2, 5
Let f(k) = -k**2 + 9*k + 4. Let c be f(9). Suppose c*m - 445 = -3*h, -111 = -m - 2*h + h. List the prime factors of m.
2, 7
Let v(u) be the second derivative of -u**5/20 - 3*u**4/4 + u**3/6 + 9*u**2 - 4*u. Let w be v(-9). Suppose 3*g = 9 + w. What are the prime factors of g?
2, 3
Suppose 0 = -3*f - 6, 7*i - 4*f = 2*i + 23. Suppose -5*d + 30 = -i*d. Suppose -d = 5*a - 110. What are the prime factors of a?
19
Let q = 691 + -75. What are the prime factors of q?
2, 7, 11
Let s(x) = -x**3 - 3*x**2 + x + 5. Let j be s(-6). Suppose j = 2*m - 15. Suppose 4*v - 2*u = u + 135, -2*v - 5*u + m = 0. List the prime factors of v.
3, 11
Let a be 16/(-88) - 1630/(-11). Suppose -5*n - a = -d, 0*d = -3*d + 4*n + 499. What are the prime factors of d?
173
Suppose 0 = 4*x + 8, -6*r + 1940 = -5*r - 2*x. What are the prime factors of r?
2, 11
Let l(w) = w**3 + 5*w**2 + 4*w + 2. Let v be l(-4). Let r be (-9)/(-4) + v/(-8). Suppose r*g - 28 = 84. What are the prime factors of g?
2, 7
Suppose -w - w = -4*t - 256, -4*t = -4*w + 248. Let s = t + 69. What are the prime factors of s?
3
Suppose 0 = 4*v - 3*q - 3481, -21*q = -3*v - 19*q + 2612. What are the prime factors of v?
2, 19, 23
Suppose -78*q = -58737 - 83691. List the prime factors of q.
2, 11, 83
Let m(c) = 22*c + 3. Let q = -10 - -16. What are the prime factors of m(q)?
3, 5
What are the prime factors of 0 + (-2)/(2273/(-2271) + 1)?
3, 757
Suppose -3*r + 4*r + 3095 = 5*q, 0 = -2*q - 3*r + 1221. Let x = -431 + q. What are the prime factors of x?
11, 17
Suppose 4*d - d = 2*g + 91, 2*d = 4*g + 74. Let n = 135 - d. Suppose 2*x = -2*x + 2*l + n, -5*l - 36 = -x. List the prime factors of x.
2, 13
Let j = 937 + 1314. What are the prime factors of j?
2251
Suppose -y - k = -3*k - 9, 4*y - 6 = -2*k. Let n(d) = 5*d**3 - 2*d**2 - 3*d - 3. List the prime factors of n(y).
3, 5, 7
Suppose 10*s - 72*s + 173476 = 0. List the prime factors of s.
2, 1399
Suppose -4*h = 3*b + 11, 2*b - 4 = -h - 3. Suppose s = -4*o + 277, 0 = s + 2*s - b. Suppose -2*t - 5*j = -51, -3*t = t - j - o. What are the prime factors of t?
2, 3
Suppose -16*v = -11*v + 5. What are the prime factors of (9/6)/(2/(-152)*v)?
2, 3, 19
Let t(p) = 41*p + 8. Let c(v) = 20*v + 4. Let y(g) = -7*c(g) + 3*t(g). What are the prime factors of y(-2)?
2, 3, 5
Let t = -42 - -144. Let d be t/6 + 2 + 1. List the prime factors of 20*5/(d/6).
2, 3, 5
Suppose -62 = -6*z + 154. Suppose -81 = z*x - 39*x. List the prime factors of x.
3
Suppose 9*n - 4*n - 1690 = 0. What are the prime factors of n?
2, 13
Suppose 9*x = 6*x + 12. Let v be x/(-8) + (-5)/(-2). Suppose 4*t - 82 = -2*h, -5*t + h + 130 = -v*h. What are the prime factors of t?
23
Suppose 9*q - 5*q = 40. Let y(m) = -m**2 + 2*m**2 - 7*m - 3 - 2. What are the prime factors of y(q)?
5
List the prime factors of -6 + 1/(-7)*-7 + 586.
7, 83
Let q = -8 + 12. Suppose 2*n + r - 2 = 6, 3*n - q*r = 23. Suppose -n*y + 6 = 3*w - 7, -y = 2*w - 18. What are the prime factors of w?
11
Let u(g) = g**2 + 4*g - 3. Let n = 26 + -10. Let t be (1*5)/((-8)/n). List the prime factors of u(t).
3, 19
Suppose -3 = -5*m + 7. Suppose -c - 3*c - 3*t + 119 = 0, 0 = 4*c + 2*t - 118. Suppose -m + c = 3*x. List the prime factors of x.
3
Let b(p) = -2*p**2 + 5*p + 7. Let m be b(-8). Let z = -102 - m. What are the prime factors of z?
59
Let t = -401 - -687. Suppose -4*d + 6*d = t. What are the prime factors of d?
11, 13
Let d(n) = n**3 + n**2 - 5*n + 3. Let i be d(-6). Let f = 184 - i. Suppose -4*h - f = -7*v + 2*v, -v - 2*h + 69 = 0. List the prime factors of v.
67
Let n(s) = -s**2 + 4*s - 1. Let o be n(4). List the prime factors of (-2 + (-1)/o)*-26.
2, 13
Suppose -5*h = -b - 17, 2*h - 12 = -4*b + 8. Suppose b*g - 963 = -390. What are the prime factors of g?
191
Let z(p) = -2*p**3 - 11*p**2 + 3*p - 20. List the prime factors of z(-9).
2, 5, 13
Suppose 5*d = -2*x + 7780, -2*d + 3240 - 149 = 5*x. What are the prime factors of d?
2, 19, 41
Let k = -83 - -4. Let y = -39 - k. Let p = y + -14. What are the prime factors of p?
2, 13
Let g = -23 + 26. Suppose g*w - o - 5 = 0, -2*o + 4*o - 2 = 0. List the prime factors of ((-8)/(-12))/(w/24).
2
What are the prime factors of 42960/70 - (-6)/21?
2, 307
Let b(q) = -q**2 + 3*q + 13. Suppose 0*n - 4*n + 28 = 0. Let i be b(n). Let c = 47 + i. What are the prime factors of c?
2
Suppose 2*y + 14*b - 13*b = 163, 3 = -b. List the prime factors of y.
83
Suppose -4846 = -22*x - 908. List the prime factors of x.
179
Let f(l) = -2*l - 4. Let j be f(-4). Suppose 0*x - 24 = -j*x. Suppose x*t - t - 20 = 0. List the prime factors of t.
2
Suppose 2*k - 3*h = h - 6, 0 = 4*k + h + 21. Let m(f) = 0 - 2 - 198*f + 1 + 193*f. What are the prime factors of m(k)?
2, 3
Let r = 64 + -42. Let w = r + -23. What are the prime factors of (16 - -3) + w + 1?
19
Let g = -114 - -143. What are the prime factors of g?
29
Let k(q) = -19*q + q**2 + 4*q + 11*q. Let g be k(4). Suppose -3*n - n + 28 = g. List the prime factors of n.
7
Suppose -18 = -4*n - 4*u + u, -3*n + 4*u = -1. List the prime factors of 4/6 + 238/n.
2, 5
Let b = 42 - 61. Let p = b - -61. What are the prime factors of p?
2, 3, 7
Let l(r) = -r + 10. Let m be l(10). Suppose m = -5*c + z + 26, 2*z = -c - z + 18. Let k(a) = 2*a + 2. List the prime factors of k(c).
2, 7
Let j = 541 - 361. What are the prime factors of j?
2, 3, 5
Let b = 11 + -5. Suppose 0 = 2*i - b - 2. Suppose 2*d - 3*y - 10 = 10, i*y + 44 = 4*d. What are the prime factors of d?
13
Suppose 10*b - 19782 = -8*b. List the prime factors of b.
7, 157
Suppose 0 = 6*q - 8*q + 100. Suppose 10 = 5*a + q. What are the prime factors of 2/a - 93/(-4)?
23
Let k be ((-11)/(165/(-6)))/(1/5). Suppose 2*v = k*s + 390, v - 2*s - 585 = -2*v. List the prime factors of v.
3, 5, 13
List the prime factors of (-1)/(15/(-4056)) + 51/85.
271
Let n be (-4)/10 - 2894/(-10). Let g = -154 + n. What are the prime factors of g?
3, 5
Let w = 51 - 37. Let x = w - -103. List the prime factors of x.
3, 13
Let r(t) = 35*t**2 + 27*t + 4. List the prime factors of r(-3).
2, 7, 17
Suppose 0 = 3*n + 2*n + 3*c - 20, -2*n + 8 = 3*c. Suppose 0 = -n*a - 0*a + 60. List the prime factors of a.
3, 5
What are the prime factors of (-209)/(-55)*-6*310/(-4)?
3, 19, 31
Let b be 4*4/(-8) - -3. Let o(p) = 31*p**3 - 3*p**2 + 3*p - 1. Let u be o(b). Suppose -2*d = -4*d + u. List the prime factors of d.
3, 5
Suppose 4*l - 62 = -10. Let p = l - -72. List the prime factors of p.
5, 17
Let p = 40 - -19. List the prime factors of p.
59
Let h = -704 - -1837. List the prime factors of h.
11, 103
Let h(x) = 7*x - 19 - 4*x + 0*x. Let g be h(8). Suppose -g*b + a + 90 - 7 = 0, 51 = 3*b - a. List the prime factors of b.
2
Suppose 4*d + 492 = -172. Let y = d - -80. Let p = y - -159. What are the prime factors of p?
73
Let c = 2 - 11. Let u = -24 - -23. What are the prime factors of (3/c)/(u/30)?
2, 5
Suppose -5*g + 246 = -2*g. Suppose -g = -3*s - k + 22, -5*k = -2*s + 58. Suppose 31 + s = 5*t. List the prime factors of t.
13
What are the prime factors of (-8)/(-6)*(-3711)/(-2)?
2, 1237
Let z(w) = 2*w**2 + w - 54. List the prime factors of z(26).
2, 331
Suppose 5*y + 3*u - 2010 = 0, -2*y + 395 = -y + 2*u. List the prime factors of y.
3, 5
Let j be 2/(-14) + (-100)/(-14). Let v = 65 - j. List the prime factors of v.
2, 29
Suppose 0 = -4*y - n + 12, 6*y = 3*y + n + 9. Suppose 2*u + y*u = -5*d - 515, -3*u + 291 = -3*d. What are the prime factors of (6/(-5))/(8/d)?
3, 5
Let s(l) = 2373*l**2 - 2*l. What are the prime factors of s(-1)?
5, 19
Let c(l) = 126*l - 1. Let z be c(-2). Let q be z/(-66) + 2/12. Suppose 2*t + q*j = 114, -114 = -4*t + j + 87. List the prime factors of t.
3, 17
Suppose 0 = 400*o - 405*o + 960. List the prime factors of o.
2, 3
Let m = -12 + 22. Suppose -6 - m = -4*h. Suppose -99 + h = -5*n. What are the prime factors of n?
19
Let n(g) = 80*g**3 - 2*g**2 - 10*g + 20. List the prime factors of n(3).
2, 13, 41
Suppose 32*c - 50*c = -9990. List the prime